{"id":9967,"date":"2016-12-09T21:43:29","date_gmt":"2016-12-09T21:43:29","guid":{"rendered":"http:\/\/treeworks.pt\/maple\/onepage\/?page_id=9"},"modified":"2021-03-19T19:07:57","modified_gmt":"2021-03-19T19:07:57","slug":"about","status":"publish","type":"page","link":"https:\/\/www.sestavi-mizo.si\/?page_id=9967","title":{"rendered":"SESTAVA MIZE"},"content":{"rendered":"<p>[vc_row full_width=&#8221;stretch_row_content_no_spaces&#8221; bg_type=&#8221;bg_color&#8221; bg_override=&#8221;ex-full&#8221; css=&#8221;.vc_custom_1480356215449{padding-top: 100px !important;}&#8221; bg_color_value=&#8221;#f7f7f7&#8243;][vc_column width=&#8221;1\/2&#8243; el_class=&#8221;wide-box-mobile&#8221;][vc_row_inner][vc_column_inner width=&#8221;1\/4&#8243;][\/vc_column_inner][vc_column_inner el_class=&#8221;home-box1-mobile&#8221; width=&#8221;3\/4&#8243;][vc_empty_space height=&#8221;60px&#8221;][vc_custom_heading text=&#8221;JEDILNE MIZE&#8221; font_container=&#8221;tag:h2|font_size:26px|text_align:left&#8221; use_theme_fonts=&#8221;yes&#8221; css_animation=&#8221;fadeInUp&#8221;][vc_empty_space height=&#8221;10px&#8221;][vc_column_text css_animation=&#8221;fadeInUp&#8221;]<span class=\"tojvnm2t a6sixzi8 abs2jz4q a8s20v7p t1p8iaqh k5wvi7nf q3lfd5jv pk4s997a bipmatt0 cebpdrjk qowsmv63 owwhemhu dp1hu0rb dhp61c6y iyyx5f41\">Z na\u0161o izbiro luksuznih jedilnih miz spremenite vsakdanji obrok v posebno prilo\u017enost. V razli\u010dnih velikostih, primernih za namestitev nekaj modelov, ki ustrezajo celotni dru\u017eini, lahko enostavno poi\u0161\u010dete pravo mizo zase in za svojo dru\u017eino. Z okra\u0161enimi modeli preprostih stilov obstajajo \u0161tevilne elegantne mo\u017enosti za dom.<\/span>[\/vc_column_text][vc_empty_space height=&#8221;30px&#8221;][vc_btn title=&#8221;KONFIGURIRAJ SVOJO MIZO&#8221; style=&#8221;outline-custom&#8221; outline_custom_color=&#8221;#000000&#8243; outline_custom_hover_background=&#8221;#000000&#8243; outline_custom_hover_text=&#8221;#ffffff&#8221; shape=&#8221;square&#8221; size=&#8221;xs&#8221; css_animation=&#8221;bottom-to-top&#8221; link=&#8221;url:https%3A%2F%2Fwww.sestavi-mizo.si%2Fkonfigurator%2F&#8221;][vc_empty_space height=&#8221;40px&#8221;][\/vc_column_inner][\/vc_row_inner][\/vc_column][vc_column width=&#8221;1\/2&#8243; el_class=&#8221;wide-box-mobile&#8221;][vc_single_image image=&#8221;10827&#8243; img_size=&#8221;full&#8221; alignment=&#8221;right&#8221; css_animation=&#8221;fadeInUp&#8221; el_class=&#8221;sestava_mize_slika&#8221;][vc_empty_space][\/vc_column][\/vc_row][vc_row css=&#8221;.vc_custom_1480355405059{padding-top: 120px !important;}&#8221; el_id=&#8221;about&#8221;][vc_column][vc_column_text css_animation=&#8221;fadeInUp&#8221;]<\/p>\n<h2>\u201c\u010cE SI PREDSTAVLJAMO, DA JE DOM TELO, JE MIZA SRCE, UTRIPAJO\u010cE SREDI\u0160\u010cE OHRANJANJA \u017dIVLJENJA IN ZDRAVJA\u201d<\/h2>\n<p>&nbsp;<\/p>\n<p><span style=\"color: red;\">&#8211; Shauna Niequist<\/span>[\/vc_column_text][vc_empty_space height=&#8221;50px&#8221;][vc_column_text css_animation=&#8221;fadeInUp&#8221;]<\/p>\n<h3 id=\"zg_p\" style=\"text-align: left;\"><strong>ZGORNJE <\/strong><strong>PLO\u0160\u010cE<\/strong><\/h3>\n<p>[\/vc_column_text][vc_empty_space][\/vc_column][\/vc_row][vc_row css_animation=&#8221;fadeInUp&#8221; css=&#8221;.vc_custom_1612803903509{padding-bottom: 120px !important;}&#8221;][vc_column width=&#8221;1\/4&#8243;][vc_single_image image=&#8221;10492&#8243; img_size=&#8221;full&#8221; alignment=&#8221;center&#8221;][vc_custom_heading text=&#8221;ULTRAPAS&#8221; font_container=&#8221;tag:h6|text_align:left&#8221; use_theme_fonts=&#8221;yes&#8221;][vc_column_text]Laminatne plo\u0161\u010de oziroma ultrapas se nalepijo na surovo iverno plo\u0161\u010do. Klju\u010dna lastnost ultrapasa je visoka odopornost proti razli\u010dnim po\u0161kodbam, visoki temperaturi ali kemi\u010dnim \u010distilom.[\/vc_column_text]<div class=\"ult-spacer spacer-69d1738334b01\" data-id=\"69d1738334b01\" data-height=\"0\" data-height-mobile=\"40\" data-height-tab=\"\" data-height-tab-portrait=\"\" data-height-mobile-landscape=\"40\" style=\"clear:both;display:block;\"><\/div>[\/vc_column][vc_column width=&#8221;1\/4&#8243;][vc_single_image image=&#8221;10491&#8243; img_size=&#8221;full&#8221; alignment=&#8221;center&#8221;][vc_custom_heading text=&#8221;MASIVNE LESENE DESKE&#8221; font_container=&#8221;tag:h6|text_align:left&#8221; use_theme_fonts=&#8221;yes&#8221;][vc_column_text]Masivna je trajna in vedno moderna. Prednost masivne plo\u0161\u010de je prav gotovo toplina masivnega lesa in z njim povezana ekolo\u0161ka nota. Vsaka deska je unikatna, skupaj pa tvorijo neponovljiv vzorec.[\/vc_column_text]<div class=\"ult-spacer spacer-69d1738334b25\" data-id=\"69d1738334b25\" data-height=\"0\" data-height-mobile=\"40\" data-height-tab=\"\" data-height-tab-portrait=\"\" data-height-mobile-landscape=\"40\" style=\"clear:both;display:block;\"><\/div>[\/vc_column][vc_column width=&#8221;1\/4&#8243;][vc_single_image image=&#8221;10489&#8243; img_size=&#8221;full&#8221; alignment=&#8221;center&#8221;][vc_custom_heading text=&#8221;GRANIT&#8221; font_container=&#8221;tag:h6|text_align:left&#8221; use_theme_fonts=&#8221;yes&#8221;][vc_column_text]<span class=\"editable\" data-type=\"product#content#1468#1\">Granit kot material je odli\u010dna izbira, saj je njegova trdota in obstojnost tak\u0161na da po\u0161kodbe skoraj niso mo\u017ene, tako je posledi\u010dno \u017eivljenska doba veliko dalj\u0161a. Kamnita &#8211; granitna miza bo vsepovsod pustila mo\u010dan pe\u010dat in ob\u010dutek stilske dovr\u0161enosti.<br \/>\n<\/span>[\/vc_column_text]<div class=\"ult-spacer spacer-69d1738334b31\" data-id=\"69d1738334b31\" data-height=\"0\" data-height-mobile=\"40\" data-height-tab=\"\" data-height-tab-portrait=\"\" data-height-mobile-landscape=\"40\" style=\"clear:both;display:block;\"><\/div>[\/vc_column][vc_column width=&#8221;1\/4&#8243;][vc_single_image image=&#8221;10490&#8243; img_size=&#8221;full&#8221; alignment=&#8221;center&#8221;][vc_custom_heading text=&#8221;MEDIAPAN&#8221; font_container=&#8221;tag:h6|text_align:left&#8221; use_theme_fonts=&#8221;yes&#8221;][vc_column_text]Deska je visokokakovnostvna, homogena in stabila. Barvanje mediapana oz. MDF-a v visoki sijaj je nekoliko bolj kompleksen na\u010din, vendar je hvale\u017een, kar se ti\u010de prstnih odtisov ali umazanije.[\/vc_column_text]<div class=\"ult-spacer spacer-69d1738334b39\" data-id=\"69d1738334b39\" data-height=\"0\" data-height-mobile=\"40\" data-height-tab=\"\" data-height-tab-portrait=\"\" data-height-mobile-landscape=\"40\" style=\"clear:both;display:block;\"><\/div>[\/vc_column][\/vc_row][vc_row css_animation=&#8221;fadeInUp&#8221;][vc_column][vc_column_text]<\/p>\n<h3 id=\"mp\" style=\"text-align: left;\"><strong>MIZNA PODNO\u017dJA<br \/>\n<\/strong><\/h3>\n<p>[\/vc_column_text][vc_empty_space][vc_column_text el_class=&#8221;mizna_podnozja_p&#8221;]Vsaka miza je izdelana s posebnim ob\u010dutkom in znanjem, z uporabo najbolj\u0161ih materialov odli\u010dne kakovosti, zaradi \u010desar bo kon\u010dni izgled edinstven in izjemen.[\/vc_column_text][vc_empty_space][\/vc_column][\/vc_row][vc_row css=&#8221;.vc_custom_1480354809822{padding-bottom: 120px !important;}&#8221;][vc_column width=&#8221;1\/4&#8243;]<div class=\"aio-icon-component    style_1\"><div id=\"Info-box-wrap-3150\" class=\"aio-icon-box default-icon\" style=\"\"  ><div class=\"aio-icon-default\"><div class=\"ult-just-icon-wrapper  \"><div class=\"align-icon\" style=\"text-align:center;\">\n<div class=\"aio-icon none \"  style=\"color:#333;font-size:32px;display:inline-block;\">\n\t<i class=\"linearicons-texture\"><\/i>\n<\/div><\/div><\/div><\/div><div class=\"aio-icon-header\" ><h3 class=\"aio-icon-title ult-responsive\"  data-ultimate-target='#Info-box-wrap-3150 .aio-icon-title'  data-responsive-json-new='{\"font-size\":\"\",\"line-height\":\"\"}'  style=\"\">OBLIKA<\/h3><\/div> <!-- header --><\/div> <!-- aio-icon-box --><\/div> <!-- aio-icon-component -->[vc_column_text]Da bo miza postala kon\u010dan izdelek je potrebno izbrati podno\u017eje mize. Na izbiro imate mizna podno\u017eja iz \u017eeleza ali aluminija v razli\u010dnih oblikah in barvah.[\/vc_column_text]<div class=\"ult-spacer spacer-69d1738334cc0\" data-id=\"69d1738334cc0\" data-height=\"0\" data-height-mobile=\"40\" data-height-tab=\"\" data-height-tab-portrait=\"\" data-height-mobile-landscape=\"40\" style=\"clear:both;display:block;\"><\/div>[\/vc_column][vc_column width=&#8221;1\/4&#8243;]<div class=\"aio-icon-component    style_1\"><div id=\"Info-box-wrap-8545\" class=\"aio-icon-box default-icon\" style=\"\"  ><div class=\"aio-icon-default\"><div class=\"ult-just-icon-wrapper  \"><div class=\"align-icon\" style=\"text-align:center;\">\n<div class=\"aio-icon none \"  style=\"color:#333;font-size:32px;display:inline-block;\">\n\t<i class=\"Defaults-sliders\"><\/i>\n<\/div><\/div><\/div><\/div><div class=\"aio-icon-header\" ><h3 class=\"aio-icon-title ult-responsive\"  data-ultimate-target='#Info-box-wrap-8545 .aio-icon-title'  data-responsive-json-new='{\"font-size\":\"\",\"line-height\":\"\"}'  style=\"\">RAZNOLIKOST<\/h3><\/div> <!-- header --><\/div> <!-- aio-icon-box --><\/div> <!-- aio-icon-component -->[vc_column_text]Mizno podno\u017eje izberete po \u017eelji na podlagi pripadnosti prostoru. Na voljo imate kar 38 razli\u010dnih trendovskih modelov.[\/vc_column_text]<div class=\"ult-spacer spacer-69d1738334d1a\" data-id=\"69d1738334d1a\" data-height=\"0\" data-height-mobile=\"40\" data-height-tab=\"\" data-height-tab-portrait=\"\" data-height-mobile-landscape=\"40\" style=\"clear:both;display:block;\"><\/div>[\/vc_column][vc_column width=&#8221;1\/4&#8243;]<div class=\"aio-icon-component    style_1\"><div id=\"Info-box-wrap-6551\" class=\"aio-icon-box default-icon\" style=\"\"  ><div class=\"aio-icon-default\"><div class=\"ult-just-icon-wrapper  \"><div class=\"align-icon\" style=\"text-align:center;\">\n<div class=\"aio-icon none \"  style=\"color:#333;font-size:32px;display:inline-block;\">\n\t<i class=\"linearicons-palette\"><\/i>\n<\/div><\/div><\/div><\/div><div class=\"aio-icon-header\" ><h3 class=\"aio-icon-title ult-responsive\"  data-ultimate-target='#Info-box-wrap-6551 .aio-icon-title'  data-responsive-json-new='{\"font-size\":\"\",\"line-height\":\"\"}'  style=\"\">BARVA<\/h3><\/div> <!-- header --><\/div> <!-- aio-icon-box --><\/div> <!-- aio-icon-component -->[vc_column_text]<span class=\"editable\" data-type=\"product#content#1468#1\">Podno\u017eja so pra\u0161no barvana, kar predstavlja ve\u010djo odpornost proti praskam in udarcem ter zagotavlja dolgoro\u010dnost.<br \/>\n<\/span>[\/vc_column_text]<div class=\"ult-spacer spacer-69d1738334d5c\" data-id=\"69d1738334d5c\" data-height=\"0\" data-height-mobile=\"40\" data-height-tab=\"\" data-height-tab-portrait=\"\" data-height-mobile-landscape=\"40\" style=\"clear:both;display:block;\"><\/div>[\/vc_column][vc_column width=&#8221;1\/4&#8243;]<div class=\"aio-icon-component    style_1\"><div id=\"Info-box-wrap-1323\" class=\"aio-icon-box default-icon\" style=\"\"  ><div class=\"aio-icon-default\"><div class=\"ult-just-icon-wrapper  \"><div class=\"align-icon\" style=\"text-align:center;\">\n<div class=\"aio-icon none \"  style=\"color:#333;font-size:32px;display:inline-block;\">\n\t<i class=\"linearicons-gradient\"><\/i>\n<\/div><\/div><\/div><\/div><div class=\"aio-icon-header\" ><h3 class=\"aio-icon-title ult-responsive\"  data-ultimate-target='#Info-box-wrap-1323 .aio-icon-title'  data-responsive-json-new='{\"font-size\":\"\",\"line-height\":\"\"}'  style=\"\">STRUKTURA BARVE<\/h3><\/div> <!-- header --><\/div> <!-- aio-icon-box --><\/div> <!-- aio-icon-component -->[vc_column_text]Za dovr\u0161enost unikatne mize je dodatna mo\u017enost izbor barvne strukture (sijajna, mat ali strukturna).[\/vc_column_text]<div class=\"ult-spacer spacer-69d1738334d98\" data-id=\"69d1738334d98\" data-height=\"0\" data-height-mobile=\"40\" data-height-tab=\"\" data-height-tab-portrait=\"\" data-height-mobile-landscape=\"40\" style=\"clear:both;display:block;\"><\/div>[\/vc_column][\/vc_row]<\/p>\n","protected":false},"excerpt":{"rendered":"<p>[vc_row full_width=&#8221;stretch_row_content_no_spaces&#8221; bg_type=&#8221;bg_color&#8221; bg_override=&#8221;ex-full&#8221; css=&#8221;.vc_custom_1480356215449{padding-top: 100px !important;}&#8221; bg_color_value=&#8221;#f7f7f7&#8243;][vc_column width=&#8221;1\/2&#8243; el_class=&#8221;wide-box-mobile&#8221;][vc_row_inner][vc_column_inner width=&#8221;1\/4&#8243;][\/vc_column_inner][vc_column_inner el_class=&#8221;home-box1-mobile&#8221; width=&#8221;3\/4&#8243;][vc_empty_space height=&#8221;60px&#8221;][vc_custom_heading text=&#8221;JEDILNE MIZE&#8221; font_container=&#8221;tag:h2|font_size:26px|text_align:left&#8221; use_theme_fonts=&#8221;yes&#8221; css_animation=&#8221;fadeInUp&#8221;][vc_empty_space height=&#8221;10px&#8221;][vc_column_text css_animation=&#8221;fadeInUp&#8221;]Z na\u0161o izbiro luksuznih jedilnih miz spremenite vsakdanji obrok v posebno prilo\u017enost. V razli\u010dnih velikostih, primernih za namestitev nekaj modelov, ki ustrezajo celotni dru\u017eini, lahko enostavno poi\u0161\u010dete pravo mizo zase in za svojo dru\u017eino. Z [&hellip;]<\/p>\n","protected":false},"author":1,"featured_media":0,"parent":0,"menu_order":0,"comment_status":"closed","ping_status":"closed","template":"one-page-template.php","meta":{"footnotes":""},"class_list":["post-9967","page","type-page","status-publish","hentry"],"_links":{"self":[{"href":"https:\/\/www.sestavi-mizo.si\/index.php?rest_route=\/wp\/v2\/pages\/9967","targetHints":{"allow":["GET"]}}],"collection":[{"href":"https:\/\/www.sestavi-mizo.si\/index.php?rest_route=\/wp\/v2\/pages"}],"about":[{"href":"https:\/\/www.sestavi-mizo.si\/index.php?rest_route=\/wp\/v2\/types\/page"}],"author":[{"embeddable":true,"href":"https:\/\/www.sestavi-mizo.si\/index.php?rest_route=\/wp\/v2\/users\/1"}],"replies":[{"embeddable":true,"href":"https:\/\/www.sestavi-mizo.si\/index.php?rest_route=%2Fwp%2Fv2%2Fcomments&post=9967"}],"version-history":[{"count":57,"href":"https:\/\/www.sestavi-mizo.si\/index.php?rest_route=\/wp\/v2\/pages\/9967\/revisions"}],"predecessor-version":[{"id":10842,"href":"https:\/\/www.sestavi-mizo.si\/index.php?rest_route=\/wp\/v2\/pages\/9967\/revisions\/10842"}],"wp:attachment":[{"href":"https:\/\/www.sestavi-mizo.si\/index.php?rest_route=%2Fwp%2Fv2%2Fmedia&parent=9967"}],"curies":[{"name":"wp","href":"https:\/\/api.w.org\/{rel}","templated":true}]}}